/15 - 41/q. What is the greatest common factor of t and 21?
7
Let u(c) = 8*c**2 + 8*c + 6. Let k(x) = 9*x**2 + 9*x + 7. Let t(s) = -4*k(s) + 5*u(s). Let j be t(-2). Calculate the highest common divisor of j and 10.
10
Let i be -4 - (-2)/(-4)*88384/(-32). Calculate the greatest common divisor of i and 51.
51
Let i be (-7 - -6)/(1/(-23)). Let s = i + 67. Suppose -7*x + 180 = -2*x + 3*l, -4*x + l = -144. What is the greatest common factor of x and s?
18
Let c(k) = -k**3 + 13*k**2 + 15*k + 1. Let v be c(6). What is the highest common divisor of 98 and v?
49
Let c(f) = -f**2 + 4*f + 1. Let r be c(5). Let n be (r - 0)*(-2 + 0). Let g be (-2)/8 - 514/(-8). Calculate the greatest common divisor of g and n.
8
Let j be (-182)/(-9) - 20/90. Suppose n + 5*t - 50 = 105, 639 = 4*n + t. Calculate the highest common divisor of n and j.
20
Let y be -12 - (2 + 1 - 3). Let o be ((-11)/(-4) + -3)*y. Suppose -o*f = -8*f + 280. What is the greatest common factor of f and 7?
7
Suppose 115 = 5*q - 2*l, 4*q - 3*l - 92 = -6*l. What is the highest common factor of q and 1472?
23
Let i(s) = -5*s - 12. Let l be i(-8). Let d(m) = -2*m - 14. Let p = 19 + -28. Let y be d(p). Calculate the greatest common divisor of l and y.
4
Suppose 0*y - 133 = 2*m + y, 268 = -4*m - 4*y. Let f be (3 + m/14)/((-2)/7). Calculate the highest common factor of f and 6.
6
Let n(d) be the second derivative of d**5/20 - 4*d**4/3 + 3*d**3 + 21*d**2/2 + 8*d. Let h be n(15). What is the highest common factor of 11 and h?
11
Let d be 3 + (11 - 12) + 0 + 2. Let j(v) = 6*v**2 - 6*v + 4. Let l be j(4). Calculate the greatest common divisor of d and l.
4
Let w be ((-6)/(-9) + (-2)/3)/(-2). Suppose -7*c + 760 + 59 = w. Calculate the greatest common factor of c and 13.
13
Let v(n) = n**3 + 8*n**2 - 9*n + 3. Suppose 6*o - 2*o = -36. Let h be v(o). Suppose -h*q + 6*q = 198. What is the greatest common divisor of q and 44?
22
Suppose -5*m - 2 = 2*r, r = 5*m + 2 + 12. Suppose r*h - 438 = s, -h + 2*s + 60 = -46. Calculate the highest common factor of h and 5.
5
Suppose -p = 4*g - 3*p - 8, g + 2*p = 2. Suppose -q = g - 6. Let i be (q/2 - 1)*5. What is the greatest common factor of i and 2?
1
Let s be (1 - 1) + (8 - 5). Let o be s + (0 - -96) - -1. What is the highest common divisor of o and 25?
25
Let h = -389 + 413. What is the highest common divisor of 132 and h?
12
Let x be (-120)/18*(-18)/15. Suppose 3*l - x*l + 25 = 0. Calculate the greatest common divisor of 40 and l.
5
Let r be ((-4)/14)/(5 - (-37)/(-7)). Calculate the greatest common factor of r and 26.
1
Let m be (-60 + 80)*(-39)/(-5). What is the greatest common divisor of 24 and m?
12
Let q be 2/(4/(-18) + 26/90). Suppose 4*o + 12 = a, 11 = a + 3*o - 1. Calculate the highest common factor of q and a.
6
Let c be (-2 + (-72)/(-10))/(14/35). Let m(f) = -f + 25. Let v be m(c). What is the greatest common factor of v and 78?
6
Suppose 105 = -f + 8*f. Let t be (-6)/(1 + 139/(-136)). Let i = t + -137. Calculate the highest common divisor of f and i.
15
Let b be (2/3)/(-1 - (-11)/9). Let x be (b/9 + (-2098)/(-24))*4. What is the highest common factor of x and 39?
39
Suppose 0 = 16*u - 603 - 869. What is the greatest common factor of u and 644?
92
Let g(u) = u**3 - 15*u**2 + 14*u. Let m be g(14). Suppose m = -k + 3*c + 23, -4*c = -5*k - 0*k + 126. What is the highest common factor of 65 and k?
13
Suppose -8 = -3*i - i, -3*b - 2*i = -19. What is the greatest common factor of 215 and b?
5
Let r = -2628 + 2728. Calculate the greatest common divisor of 4 and r.
4
Let j = -56 + 81. Suppose 0 = g + 2*g - v + 1, -g + 5*v + 9 = 0. Let u be (((-20)/2)/1)/g. Calculate the highest common factor of u and j.
5
Let j be (152/(-26))/((-18)/117). Calculate the greatest common divisor of j and 1254.
38
Suppose 0 = 3*a - 8 - 1. Suppose a*k + 70 = 5*r + 7*k, 25 = 4*r - 3*k. Let b be 40/16*16/r. Calculate the greatest common factor of 16 and b.
4
Let x = -206 + 213. Let m be 74*(-2)/(-2) + 3. Calculate the highest common divisor of x and m.
7
Suppose -11*o + 16*o - 70 = 0. What is the greatest common divisor of o and 56?
14
Let o(t) = -5*t**3 - 7*t**2 - 40*t - 288. Let a be o(-6). Calculate the highest common factor of a and 60.
60
Let m be (-7)/2*(-6 + (-930)/35). What is the greatest common divisor of 342 and m?
114
Suppose -2*d - 4*o = -156, -5*o - 186 + 73 = -d. Suppose -3 = -p, i - 4*p + 67 = 6*i. Let z = 22 - i. Calculate the greatest common factor of d and z.
11
Suppose 121 = 3*a + 5*u, -2*u - 190 - 53 = -5*a. Calculate the highest common factor of a and 1504.
47
Let u be (1 + 10)*(-18 + 21). What is the greatest common factor of 22 and u?
11
Suppose -26*l + 72 = -24*l. What is the highest common factor of l and 12?
12
Suppose -h = x, -33*h = -4*x - 28*h + 36. Suppose 2 = d - 2. Suppose d*v - 1 + 3 = 5*g, 0 = 4*v + g - 10. Calculate the greatest common divisor of v and x.
2
Let m = 13 + -5. Let y be m/(-4 - -2) - -13. Let j(n) = 2*n**3 - 3*n**2 + 2*n - 2. Let g be j(2). What is the greatest common factor of g and y?
3
Let j(z) = 30*z**2 + 3*z + 2. Let x be j(3). Suppose 3*l = -3*w - 615, -4*w + l = 3*l + 812. Let v = w + x. What is the greatest common factor of v and 16?
16
Suppose k + 2*t - 9 = 0, -6*k - 23 = -9*k - 2*t. What is the highest common factor of 35 and k?
7
Suppose 4*i - 16 = 0, -5*q + 13 = -0*i - 3*i. Suppose 3*t = q*t - 24. Calculate the highest common divisor of 84 and t.
12
Let a = -44 + 50. Suppose 3*y = a, 508 = 2*k - y - y. Calculate the greatest common factor of 32 and k.
32
Let w = 20 + -33. Suppose 9 = 5*j + 84. Let v = w - j. Calculate the highest common factor of v and 14.
2
Suppose -116*q = -101*q - 150. Suppose -3*a + 0*a + 330 = 0. Calculate the greatest common divisor of q and a.
10
Let f(b) = 8*b**2 + 1 + 9*b**2 + b - 7*b**2 + 0*b**2. Let l be ((-24)/(-6))/((-2)/(-2)). Let u be f(l). Calculate the highest common divisor of u and 15.
15
Suppose 6*y = 236 - 182. Calculate the highest common factor of y and 45.
9
Let g = 60 + 108. What is the highest common factor of 42 and g?
42
Suppose 3*m = j - 12, -2*j = m - 2 - 1. Let a be (-1)/((-292)/(-1184) + m/12). What is the highest common divisor of 37 and a?
37
Let c = 14 + -11. Let i be 1*(c - -14) - 0. What is the highest common divisor of 85 and i?
17
Let i = 262 + -252. What is the highest common divisor of i and 16?
2
Suppose j + v - 13 = 5, 2*v + 42 = 4*j. Calculate the highest common divisor of 26 and j.
13
Suppose -8 - 13 = -3*y. Let l be 341/(-7) + (-2)/y. Let o = 7 - l. What is the greatest common factor of o and 8?
8
Let f be 586/10 - 9 - 6/10. Calculate the greatest common factor of f and 35.
7
Let j = 8 + 1. Suppose 2*p = 2*y + 7*p - 67, 0 = 5*y - 4*p - 184. What is the greatest common factor of j and y?
9
Let p(a) = -75*a**2 - 11*a + 10. Let b(q) = 50*q**2 + 7*q - 7. Let m(y) = 8*b(y) + 5*p(y). Let s be m(3). Calculate the highest common divisor of s and 37.
37
Let i = 1435 - 1429. What is the greatest common divisor of 366 and i?
6
Suppose -5*j + 6 = x - 0*j, 5*j = 3*x - 58. Let y = 3 - 1. Calculate the highest common divisor of y and x.
2
Let l be ((-1374)/(-9))/((-3)/(-9)). Let u = l + -248. Suppose -4*v + 2*a + 88 = 0, -5*a + 50 = 2*v - 9*a. What is the highest common factor of v and u?
21
Suppose -2*r = 5*u - 14, -5*r + 5 = 4*u - 13. Let s be (u/5)/(3/(-60)). Let m = s + 10. What is the greatest common factor of m and 5?
1
Let v = 33 + -27. Let r = 32 - v. Suppose 4 = -2*f + r. What is the greatest common factor of 77 and f?
11
Let z be -1 - 4/3*-3. Let u be 22/(1 - z - -3). What is the greatest common divisor of u and 11?
11
Let x(o) = -o**3 - 81*o**2 + 7*o + 578. Let f be x(-81). Suppose -2*z + 4*z = 176. Calculate the greatest common divisor of f and z.
11
Let l = 81 + -49. Suppose -2*o = 3*c - 5 - l, -o = c - 17. What is the greatest common factor of o and 70?
14
Suppose -5*i + 46 = 76. Let r be ((-2)/i)/(10/1050). Calculate the greatest common factor of 14 and r.
7
Let g be ((-117)/(-6) - 3)/(12/16). Calculate the highest common factor of 33 and g.
11
Let t = 19 - 34. Let g = t + 21. Suppose 2*s + 8 = -4*a, -2*s + 1 = a - g. Calculate the greatest common factor of 2 and s.
2
Let q = -211 - -231. What is the highest common divisor of q and 30?
10
Let q be 194/6 - 20/60. Let 